(-7)/(-21). Let f(u) = 19*u + 6*u - u**3 - b - 20*u + 3*u**2. Give f(4).
-2
Let u(j) = -j**3 - 15*j**2 - 15*j + 6. Let m(v) = -14*v**2 - 78*v + 22. Let i be m(-6). Calculate u(i).
20
Let n(w) be the first derivative of -w**3/3 + 15*w**2/2 - 26*w + 1450. Calculate n(12).
10
Let p(j) = -j**2 + 3*j - 2. Let n(v) = -v**3 + v - 3. Let d be (-129)/(-86)*8/(-6). Let h be n(d). Determine p(h).
-2
Let w(c) = -7*c**3 - 7*c**2 - 32*c + 24. Let o(b) = -20*b**3 - 22*b**2 - 94*b + 71. Let n(x) = -6*o(x) + 17*w(x). Determine n(-11).
4
Let i(g) be the second derivative of g**3/6 + 5*g**2/2 + g. Let p(u) = -12*u - 108. Let x be p(-5). Let d be 3 - ((-256)/x - 2/(-3)). Give i(d).
2
Let z(g) = 10*g + 15 + 32 - 9*g - 56. Calculate z(2).
-7
Let z(m) be the third derivative of -1/2*m**3 - 11*m**2 + 1/24*m**4 + 0 + 0*m. Give z(5).
2
Let m be 11/((-275)/(-40)) - (-2 - 234/(-15)). Let i(z) = -2*z**2 - 17*z + 79. Determine i(m).
-5
Let k(h) = -4*h + 2. Let q(n) = 1772 + 4*n - 773 - 869 + 14*n. Let m be q(-7). Calculate k(m).
-14
Let m(n) be the first derivative of -n**3/3 - n**2 + 29*n - 7569. Determine m(-4).
21
Let q(i) = i**2 + 7*i - 24. Let l(s) = -77*s + 852. Let d be l(11). Give q(d).
36
Let c be ((-19)/(-38))/((-2)/(-40)). Let i be 4*2*((-55)/c + 6). Let u(o) = i*o**2 + o**3 + 5 - 4*o**2 + 0*o**3 - 7*o - 2*o**2. What is u(4)?
9
Let t = 132 - 122. Let l be 6/4 - t/4. Let f(w) be the first derivative of 3*w**4/4 + 2*w**3/3 + w**2 + w + 2. Determine f(l).
-2
Let s = 23 - 21. Let c(j) = -2*j**s - 3 + 2*j**3 + j**2 - 3*j**3. Let x be (100/15 - 6) + (-4)/6. What is c(x)?
-3
Let o(w) = -w**3 - 7*w**2 - 9*w - 8. Let h be o(-6). Let k(d) be the first derivative of -3*d**2/2 + 31*d - 27673. What is k(h)?
1
Let q(l) = 4*l**3 + 72*l**2 + 72*l + 59. Let k be q(-17). Let d(s) = -s**2 - 11*s - 26. Calculate d(k).
-8
Let z(x) = -x**2 + x - 1. Let t(v) = 2*v**2 - 11*v - 4. Let k(g) = -t(g) - 3*z(g). Suppose 17*h = 12*h - 25. What is k(h)?
-8
Suppose -56*m + 54*m + 6 = z, 5*z + 6 = -m. Let y(o) = -8 + 11*o + o**2 - 2*o**2 - 4*o. Determine y(m).
4
Let u(a) = -1 - 5*a - 2*a - 13*a**2 - 4 + 12*a**2. Let v be u(-6). Let k(s) be the third derivative of -s**5/60 - 439*s**2. Calculate k(v).
-1
Let m = 213 - 119. Let q = m - 87. Suppose -2*r - q = -f - 3, 2*r - 8 = -5*f. Let c(s) = -6*s - 1. Give c(r).
5
Suppose k - 3*x + 44 = 0, 8 = k + 2617*x - 2616*x. Let l(o) be the second derivative of o**4/12 + o**3 + 5*o**2 + o. Calculate l(k).
5
Let l(u) = -3*u**3 + 6*u**2 - 11*u + 13. Let b(y) = -5*y**3 + 12*y**2 - 21*y + 25. Let h(w) = 4*b(w) - 7*l(w). Determine h(-7).
9
Let w = 577 - 572. Suppose 2*b = -w*y - 3*b + 35, -2*b = -6. Let a(m) = m - 3. What is a(y)?
1
Suppose -12*y = -456 + 384. Let h(k) = -k**2 + 2*k + 19. What is h(y)?
-5
Let u(m) = -656*m + 1326. Let d be u(2). Let y(w) = -w**3 + 12*w**2 + 17*w + 20. Calculate y(d).
-134
Let f(n) = 16*n + 3. Suppose -81 - 3 = -7*z. Let i = z + -14. Calculate f(i).
-29
Let n(t) = -7*t**3 + t**2 - 2*t + 1. Let y be (-455)/21 - (-4)/6. Let o be 6/y + 0 + 9/7. Let f be ((-1)/(-1 - 0))/o. Determine n(f).
-7
Let j(m) = -25*m - 29*m**2 - 14 + 16*m**2 + 43 + 71 + 14*m**2. Calculate j(20).
0
Suppose 0 = -13*j + 18*j + 4*b + 15, -25 = -5*j + 4*b. Suppose j = -2*s + i + 2, 0 = -3*s + i. Let g(k) = -36*k**2 - k. Calculate g(s).
-35
Let k(h) = 408 + 2*h - 427 - h. Calculate k(4).
-15
Suppose 2 = 5*g - v, -13*v + 6*v - 53 = 4*g. Let i(m) be the third derivative of -11*m**6/120 - m**4/12 - m**3/6 - m**2. Determine i(g).
12
Suppose -323*z + 326*z - 2*l = 0, -4*z + 5*l - 7 = 0. Let a(f) = -20*f + 31. Give a(z).
-9
Let g(j) = -123*j**2 + 240*j**2 - 118*j**2 - 11 - 9 + 15*j. Determine g(13).
6
Let b(a) = 10*a + 11*a - 2 + a**2 - 11*a. What is b(-7)?
-23
Let r = 388 - 328. Let p(v) = 128*v - r*v - 58*v + v**2 - 1. Give p(-7).
-22
Let x = 8 - 7. Let g(y) = -34*y - 31*y - x + 32*y. What is g(-1)?
32
Let l(w) = 12*w**2 + 5*w**3 + w**3 + 0 - 9*w - 5*w**3 - 2 - 8*w**2. Let d be (2/5)/(5/(-75)). Determine l(d).
-20
Suppose 0 = -10*n - 102 + 742. Let i = 66 - n. Let d(l) = -9*l**2 - 2 + i*l**3 - l**3 + 3*l + 5 + 12*l**2. Calculate d(-2).
1
Let t(f) be the first derivative of f**3/3 + 3*f**2 - 11*f + 2. Suppose 17*x + 680 = -22*x - 46*x. Calculate t(x).
5
Let p(z) be the second derivative of -1/3*z**3 + 67*z + 0 - 11/2*z**2. Calculate p(-9).
7
Let d = -92 - -92. Let b(u) = -6*u**3 + 5*u**2 - 2. Let c(v) = v**3 - v**2 + 1. Let x(w) = b(w) + 5*c(w). Give x(d).
3
Let k(q) = 6*q - 2. Let d(z) be the first derivative of z**2 - z - 38. Let b(w) = 2*d(w) - k(w). Give b(2).
-4
Let d(k) = k**3 - 4*k**2 + 5*k + 5. Let v(b) = b**3 - 115*b**2 + 110*b + 461. Let l be v(114). Give d(l).
55
Let c(p) = -44*p**2 + 6733*p - 160. Let r be c(153). Let h(m) = m**3 + 6*m**2 - 10*m + 3. Calculate h(r).
24
Let c be (9 + -9)/(12/2). Let g(f) = -f**2 + 4*f - 34. Give g(c).
-34
Let h(i) = 27*i - 88*i**2 + 84*i**2 - 14*i + 7. Give h(6).
-59
Let y(f) = 5*f**3 - 9*f**2 - 7*f - 26. Let q(j) = -14*j**3 + 27*j**2 + 21*j + 72. Let s(h) = 4*q(h) + 11*y(h). What is s(9)?
65
Let p(t) = -18*t + 1 - 17*t + 70*t - 24*t - 16*t. Determine p(6).
-29
Let a(n) = n**3 - 15*n**2 - 15*n + 36. Let o(s) = -s**3 - s**2 - 10. Let x(z) = -a(z) - 3*o(z). Determine x(-8).
2
Suppose -22*u - 8*u = -18*u - 72. Let i(b) = b**3 - 9*b**2 + 15*b + 16. Determine i(u).
-2
Let q(p) = 4*p**2 + 10*p + 48. Let o(n) = -7*n**2 - 11*n - 72. Let w(d) = 5*o(d) + 8*q(d). Calculate w(10).
-26
Let g(y) = 2*y - 16*y**3 + 937*y**2 - 13*y**3 - 935*y**2 + 28*y**3. Give g(4).
-24
Let n(i) = 2*i**2 - 3*i + 2. Let x = -41235 + 41238. What is n(x)?
11
Let c(w) = 107*w**3 + 19*w**2 - 13*w + 5. Let v(q) = 32*q**3 + 6*q**2 - 4*q + 2. Let p(f) = 3*c(f) - 10*v(f). What is p(4)?
15
Let d(z) be the third derivative of -7*z**4/24 - 14*z**2. Let u be d(-1). Suppose u*t + 21 = 4*t. Let o(n) = n**2 + 7*n + 8. Determine o(t).
8
Let g(h) = -4*h + 19. Suppose -3*z - 48 = 4*v - 17, 4*v = 4*z + 4. Determine g(z).
39
Let c = 21 - 18. Suppose 6 + c = 3*z. Let t(l) = l + z + 5*l - 8*l. Determine t(-6).
15
Let t be (-56)/30 + 9/((-675)/10). Let j(c) = -15*c + 3. Let f(r) = 4*r - 1. Let h(l) = t*j(l) - 9*f(l). Give h(5).
-27
Suppose -b - 2*u = -7, 2*u = 12 - 2. Let l(z) = -z**2 - 5*z - 12. Let r(d) = -2*d**2 - 4*d - 9. Let v(k) = b*l(k) + 4*r(k). Let o = -3 - -2. What is v(o)?
-4
Let t(g) be the first derivative of 17 - 37 + g + 9 + 0*g - 4*g**2. Let r(s) = 9*s - 1. Let o(i) = -3*r(i) - 2*t(i). Calculate o(1).
-10
Let u be (-38)/(-10) + 48/15 + -3. Let t(w) be the first derivative of -1 + 12 + u - 7 - w - w**3. What is t(1)?
-4
Let g(w) = -w**3 + 9*w**2 - 3*w + 22. Let f = 760 - 751. Calculate g(f).
-5
Let u(g) = -11*g**3 + 2*g**2 + 2*g + 1. Let w = 26 + -16. Let z be -8 - w/(-15)*-3. Let i be 2/z + (-8)/10. Give u(i).
12
Suppose -m - 2*h = -19, -3*m = h + h - 37. Suppose 23*p = 26*p + 24. Let n = p + m. Let a(y) = -4*y**3 + 2*y**2 - 2*y + 1. Determine a(n).
-3
Suppose -8*u - 12 = -4*u. Let j(c) = 581*c**2 - 5*c - 6*c - 28 - 586*c**2. Let a(v) = 2*v**2 + 4*v + 10. Let m(h) = 8*a(h) + 3*j(h). Give m(u).
8
Let a(f) = 2*f**3 + 2*f**3 + 1 - 5*f**3 + 6*f**2 + f. Let w = 168 + -54. Suppose -109*d + w*d = 30. Give a(d).
7
Let q be (11/(110/(-30)))/1. Let w(j) = j**2 + 5*j + 8. Give w(q).
2
Let d be ((-12)/15)/((-20)/650). Suppose -19*h - d = 12. Let k(t) = -t**2 + 1. Let i(g) = -4*g**2 + 2*g + 5. Let r(j) = i(j) - 3*k(j). Determine r(h).
-6
Let p(w) = -2*w**3 + 28*w**2 - 2*w - 3. Let f(v) = -2*v**3 + 34*v**2 - 2*v - 4. Let a(d) = 4*f(d) - 5*p(d). What is a(2)?
3
Let p(i) = -89*i + 943 - 960 - i**2 + 98*i. Determine p(7).
-3
Suppose -3*c - 5*g = -19, 7 = g + 5. Let d(v) = v**3 + 6*v**2 + 2*v + 1. Let n(b) = b. Let z(w) = c*n(w) + d(w). What is z(-5)?
1
Suppose 6*t - 3 = 21. Let o(i) = -i**2 + 17*i + 41. Let j be o(19). Let h(l) = l**2 + 4. Let q(a) = a**2 + 3. Let u(n) = j*h(n) - 4*q(n). Give u(t).
-16
Let u(n) = 81*n**3 + 68 - 80*n**3 - 66 + 3*n. Give u(-1).
-2
Suppose 179*i - 182*i + 9 = 0. Let p(x) = 2*x - x - 6 + 3 + 6. What is p(i)?
6
Let d(y) = 2*y**3 + 19*y**2 + 11*y + 17. Suppose -55 = -5*h - 154 + 59. Calculate d(h).
121
Let s(v) = -v**2 + 4*v + 21. Let p(l) = -l**2 + 3*l + 22. Let d(z) = 6*p(z) - 7*s(z). Suppose -6*i + i = -55. What is d(i)?
-4
Let a(w) = -431*w - 281.